lculate k(-11).
-428
Let b(i) = 793713*i + 10318261. What is b(-13)?
-8
Let f(a) = 1010*a**2 - 22152*a - 9. What is f(22)?
1487
Let m(s) = 10044*s + 10707. What is m(-1)?
663
Let h(c) = -1324*c + 3988. Determine h(3).
16
Let d(r) = 29624*r - 177770. What is d(6)?
-26
Let s(k) = 346*k - 10990. Determine s(37).
1812
Let s(q) = -267*q**2 - 1075*q - 872. Calculate s(-3).
-50
Let g(q) = -10616*q - 127396. Calculate g(-12).
-4
Let m(t) = -80*t**2 + 15*t - 2. What is m(3)?
-677
Let a(c) = -c**3 - 28*c**2 + 77*c + 239. Give a(-32).
1871
Let g(w) = 83*w**2 + 14359*w - 14445. Give g(-174).
-3
Let f(a) = 23*a**3 - a**2 + 28*a - 31. Calculate f(1).
19
Let l(v) = -v**3 + 53*v**2 + 768*v - 11965. What is l(10)?
15
Let h(n) = -7*n**3 - 28*n**2 + 433*n + 1061. What is h(-9)?
-1
Let l(t) = -510*t - 12281. Give l(-25).
469
Let f(g) = -130*g**2 - 103881*g + 207761. What is f(2)?
-521
Let r(h) = 381*h + 6722. What is r(-19)?
-517
Let b(c) = -2*c**3 + 524*c**2 - 6012*c + 145. What is b(12)?
1
Let r(h) = -643*h - 28976. Determine r(-45).
-41
Let u(s) = -2*s**2 - 437*s + 343750. Determine u(-538).
-32
Let c(s) = -s**2 - 159*s - 9502. Determine c(-89).
-3272
Let j(r) = -37*r - 1480. Determine j(7).
-1739
Let b(h) = 725*h + 2046. Calculate b(-3).
-129
Let b(s) = 1636*s - 474471. Determine b(290).
-31
Let c(o) = 2*o**2 - 196*o - 5171. Calculate c(-22).
109
Let s(q) = 14*q - 2374. Calculate s(153).
-232
Let i(o) = -11*o**3 - 9*o**2 + 250*o + 246. Give i(-1).
-2
Let a(g) = -g**3 - 47*g**2 + 513*g + 13175. What is a(-52)?
19
Let m(j) = j**3 + 422*j**2 + 8031*j - 159. Give m(-20).
21
Let h(a) = -28*a**2 - 1625*a - 15476. Calculate h(-12).
-8
Let l(f) = 4*f**2 + 236*f + 2217. Determine l(-12).
-39
Let n(k) = -163*k + 33218. What is n(205)?
-197
Let z(y) = 24*y**2 + 182*y + 123. Calculate z(-6).
-105
Let q(a) = 2*a**3 - 7*a**2 - 65*a - 230. Give q(-4).
-210
Let g(c) = c**3 - 35*c**2 - 31*c + 54. Give g(36).
234
Let g(t) = t**3 + 172*t**2 - 690*t + 2772. Determine g(-176).
308
Let l(d) = d**2 + 22*d - 6964. Determine l(75).
311
Let u(p) = 7*p**3 - 68*p**2 + 18*p + 30. Calculate u(8).
-594
Let f(q) = -246*q**2 - 1260*q - 138. Give f(-5).
12
Let u(p) = p**3 - 141*p**2 + 3289*p + 4566. Give u(111).
15
Let z(q) = q**2 + 26*q - 702. What is z(14)?
-142
Let q(k) = -k**3 + 850*k**2 - 101097*k - 2838. Calculate q(707).
-10
Let f(m) = -123*m**2 - 48708*m - 5. Calculate f(-396).
-5
Let h(z) = -3*z**2 + 200*z - 3928. Determine h(53).
-1755
Let s(o) = 24*o**3 + 2401*o**2 + 125*o + 2503. Calculate s(-100).
3
Let z(m) = 208*m**2 - 2676*m - 400. What is z(13)?
-36
Let p(m) = 2*m**3 + 886*m**2 + 175*m + 77435. What is p(-443)?
-90
Let j(z) = -2964*z - 14258. Determine j(-4).
-2402
Let v(r) = r**2 + 218*r + 10784. Give v(-143).
59
Let a(y) = y**3 + 90*y**2 + 370*y - 274. Give a(-5).
1
Let h(m) = -m**3 + 39*m**2 - 259*m + 334. Determine h(31).
-7
Let o(l) = 6659*l - 945569. Give o(142).
9
Let a(g) = -2*g**3 + 15*g**2 + 2030*g - 16177. Give a(8).
-1
Let t(g) = 303107*g + 909323. Determine t(-3).
2
Let q(p) = 66*p**2 + 164*p - 333. What is q(2)?
259
Let c(v) = -12634*v - 240132. What is c(-19)?
-86
Let s(h) = -72*h**2 + 622*h - 4898. What is s(8)?
-4530
Let b(m) = -16*m**2 + 267*m - 211. What is b(20)?
-1271
Let o(x) = -x**3 - 9*x**2 + 525*x + 2637. What is o(-5)?
-88
Let a(o) = 3*o**3 + 328*o**2 - 1954*o + 555. Calculate a(-115).
440
Let o(t) = -12697*t + 9129143. Calculate o(719).
0
Let o(m) = 2735*m - 144700. Calculate o(53).
255
Let p(j) = -10*j**3 - 221*j**2 + 656*j + 13. Determine p(3).
-278
Let o(f) = -4772*f + 14323. What is o(3)?
7
Let k(d) = -27*d**2 - 3507*d - 714. Determine k(-130).
-1104
Let z(d) = -1445*d - 59271. What is z(-41)?
-26
Let r(a) = 2*a**2 - 76*a - 2202. Give r(62).
774
Let o(d) = -d**3 - 16*d**2 - 5665*d - 90649. Determine o(-16).
-9
Let h(m) = -m**3 - 108*m**2 - 1078*m - 998. Calculate h(-97).
69
Let j(m) = m**3 - 71*m**2 - 424*m - 7. What is j(-6)?
-235
Let g(y) = -8*y**2 - 358*y - 602. Determine g(-43).
0
Let w(x) = -358*x + 1930. What is w(5)?
140
Let p(y) = y**3 + 20*y**2 + 1044*y + 14496. Determine p(-15).
-39
Let k(v) = 24541*v - 564445. Give k(23).
-2
Let b(m) = m**3 - 8*m**2 - 245*m + 50. Give b(-12).
110
Let b(m) = 101559*m - 3452992. What is b(34)?
14
Let a(k) = -2950*k**2 - 67848*k - 16. Give a(-23).
-62
Let q(p) = -146*p**2 + 2033*p - 8116. Give q(4).
-2320
Let o(s) = s**3 - 41*s**2 + 152*s - 2378. Calculate o(39).
508
Let l(n) = n**3 + 21*n**2 - 421*n - 784. Give l(-33).
41
Let g(k) = 193*k - 31987. What is g(165)?
-142
Let k(v) = -26518*v + 3606455. Determine k(136).
7
Let f(o) = -3*o**3 + 632*o**2 + 170*o + 8721. Determine f(211).
70
Let g(s) = -2*s**2 + 75*s - 159. Give g(35).
16
Let q(o) = -5*o**3 - 56*o**2 - 26*o - 978. Calculate q(-12).
-90
Let g(y) = 24934*y + 947497. Calculate g(-38).
5
Let h(o) = 15004*o + 90268. Calculate h(-6).
244
Let b(a) = 14*a**3 + 591*a**2 + 102*a - 994. Calculate b(-42).
14
Let s(v) = -v**2 + 91*v + 9128. What is s(152)?
-144
Let a(x) = -3740128*x + 18700633. Give a(5).
-7
Let d(m) = -120*m**2 - 9359*m + 117. Determine d(-78).
39
Let m(k) = -13292*k - 305939. What is m(-23)?
-223
Let q(k) = k**2 + 66*k - 226. Give q(21).
1601
Let y(h) = -23*h**2 - 7386*h + 37504. Calculate y(5).
-1
Let k(l) = -65*l**3 - 971*l**2 + 128*l + 1020. What is k(-15)?
0
Let r(b) = -22213*b - 88839. What is r(-4)?
13
Let z(f) = -19*f**3 + 334*f**2 - 200*f - 83. Give z(17).
-304
Let c(o) = -o**3 - 380*o**2 - 14198*o - 785. Determine c(-338).
-109
Let l(w) = -2*w**3 - 255*w**2 - 5422*w + 108. Calculate l(-27).
-27
Let v(b) = 436*b**2 - 3011*b - 294. Determine v(7).
-7
Let t(d) = 2*d**3 - 38*d**2 + 208*d + 91. Calculate t(11).
443
Let f(a) = -5590*a**2 + 33542*a - 6. Determine f(6).
6
Let o(l) = 3740*l + 104756. Give o(-28).
36
Let f(p) = -4*p**2 - 448*p + 23676. What is f(46)?
-5396
Let b(f) = f**3 + 15*f**2 + 62*f + 528. Determine b(-16).
-720
Let g(a) = -10974*a - 4323753. What is g(-394)?
3
Let w(x) = x**3 + 13*x**2 - 297*x - 181. Calculate w(-26).
-1247
Let j(n) = n**2 + 369*n + 23877. Determine j(-80).
757
Let j(d) = 4*d**3 - 6*d**2 + 96*d - 345. Determine j(3).
-3
Let f(m) = -m**3 - 75*m**2 - 528*m - 3632. Determine f(-68).
-96
Let d(n) = -2380*n + 26173. Determine d(11).
-7
Let l(h) = 1525*h - 693. Give l(2).
2357
Let p(c) = c**2 - 916*c + 7269. What is p(8)?
5
Let j(p) = p**3 + 203*p**2 - 232*p - 5705. Calculate j(-204).
7
Let v(k) = 51*k**3 - 6533*k**2 + 650*k - 205. What is v(128)?
1075
Let k(l) = l**3 - 7*l**2 - 1788*l + 12605. Determine k(7).
89
Let a(o) = 18*o**3 - 2*o**2 + 810*o + 1639. Give a(-2).
-133
Let p(f) = 9*f**3 - 73*f**2 - 655*f + 5294. Determine p(8).
-10
Let k(v) = -2*v**2 + 6*v + 342. Calculate k(-14).
-134
Let x(p) = -322*p - 15767. What is x(-49)?
11
Let h(q) = -q**3 - 94*q**2 - 60*q - 14805. Give h(-95).
-80
Let j(w) = 84100*w + 56. Determine j(0).
56
Let d(m) = 174317*m - 2266123. What is d(13)?
-2
Let u(o) = o**3 - 9*o**2 - 45245*o + 181064. What is u(4)?
4
Let s(w) = -2*w**2 + 80*w + 18451. Give s(-78).
43
Let n(f) = -1058*f + 31896. What is n(31)?
-902
Let k(c) = c**3 + 217*c**2 - 9003*c + 26579. Give k(-253).
14
Let t(s) = 97*s**2 + 12978*s - 2766. Determine t(-134).
-86
Let k(f) = f**3 - 18*f**2 - 1323*f + 23811. Calculate k(18).
-3
Let s(f) = -9*f**2 - 409*f - 970. What is s(-46)?
-1200
Let h(b) = 3*b**3 + 2*b**2 - 145*b - 1252. Give h(-7).
-1168
Let c(v) = 233*v + 87377. Give c(-375).
2
Let g(m) = -5157*m - 30938. Give g(-6).
4
Let f(j) = -2*j**2 - 42*j + 4582. What is f(-66)?
-1358
Let b(g) = 49*g**3 + 407*g**2 + 126*g + 50. Give b(-8).
2
Let o(f) = 2*f**3 - f**2 - 35*f + 90. Determine o(3).
30
Let j(o) = -4*o**2 + 175*o - 1116. Give j(36).
0
Let n(d) = -d**3 - 36*d**2 + 2371*d - 61. Determine n(-70).
569
Let u(z) = -253*z**2 + 200*z - 164. Give u(1).
-217
Let b(j) = j**2 + 131*j + 1864. Give b(-115).
24
Let x(s) = 143*s**2 - 2268*s - 42266. Determine x(-11).
-15
Let j(a) = -4*a**3 + 219*a**2 + 295*a - 13181. Give j(55).
19
Let r(d) = 88241*d - 794071. What is r(9)?
98
Let k(c) = -2*c**3 + 354*c**2 - 7098*c + 298. Give k(23).
-24
Let w(x) = -3*x**2 - 1941*x + 106. Give w(0).
106
Let w(a) = 245*a - 2587. Give w(11).
108
Let u(v) = 3*v**3 + 27*v**2 + 3974*v + 15647. Give u(-4).
-9
Let v(s) = 2*s**3 + 211*s**